{"id":44,"date":"2025-01-07T17:39:33","date_gmt":"2025-01-07T17:39:33","guid":{"rendered":"https:\/\/polreg2025.kfiss.wgsr.uw.edu.pl\/?page_id=44"},"modified":"2025-02-27T11:21:20","modified_gmt":"2025-02-27T11:21:20","slug":"mozliwosci-publikacyjne","status":"publish","type":"page","link":"https:\/\/polreg2025.kfiss.wgsr.uw.edu.pl\/?page_id=44","title":{"rendered":"Mo\u017cliwo\u015bci publikacyjne"},"content":{"rendered":"\n<p style=\"font-size:clamp(20.515px, 1.282rem + ((1vw - 3.2px) * 1.224), 33px);\"><strong>Mo\u017cliwo\u015bci publikacyjne<\/strong><\/p>\n\n\n\n<p class=\"has-medium-font-size\">Opr\u00f3cz uczestnictwa w konferencji, zach\u0119camy tak\u017ce do sk\u0142adania artyku\u0142\u00f3w bazuj\u0105cych na wynikach bada\u0144 prezentowanych podczas konferencji w nast\u0119puj\u0105cych czasopismach:<\/p>\n\n\n\n<p><\/p>\n\n\n\n<ul class=\"wp-block-list\">\n<li class=\"has-medium-font-size\">Acta Universitatis Lodziensis. Folia Oeconomica (40 pkt.),<\/li>\n\n\n\n<li class=\"has-medium-font-size\">Biblioteka Regionalisty (20 pkt.),<\/li>\n\n\n\n<li class=\"has-medium-font-size\">Miscellanea Geographica \u2013 Regional Studies on Development (100 pkt.),<\/li>\n\n\n\n<li class=\"has-medium-font-size\">Prace Geograficzne UJ (70 pkt.),<\/li>\n\n\n\n<li class=\"has-medium-font-size\">Prace i Studia Geograficzne (70 pkt.),<\/li>\n\n\n\n<li class=\"has-medium-font-size\">Prace Naukowe UEW (40 pkt.),<\/li>\n\n\n\n<li class=\"has-medium-font-size\">Rozw\u00f3j Regionalny i Polityka Regionalna (70 pkt.),<\/li>\n\n\n\n<li class=\"has-medium-font-size\">Quaestiones Geographicae (100 pkt.)<\/li>\n<\/ul>\n","protected":false},"excerpt":{"rendered":"<p>Mo\u017cliwo\u015bci publikacyjne Opr\u00f3cz uczestnictwa w konferencji, zach\u0119camy tak\u017ce do sk\u0142adania artyku\u0142\u00f3w bazuj\u0105cych na wynikach bada\u0144 prezentowanych podczas konferencji w nast\u0119puj\u0105cych czasopismach:<\/p>\n","protected":false},"author":4,"featured_media":0,"parent":0,"menu_order":0,"comment_status":"closed","ping_status":"closed","template":"","meta":{"footnotes":""},"class_list":["post-44","page","type-page","status-publish","hentry"],"_links":{"self":[{"href":"https:\/\/polreg2025.kfiss.wgsr.uw.edu.pl\/index.php?rest_route=\/wp\/v2\/pages\/44","targetHints":{"allow":["GET"]}}],"collection":[{"href":"https:\/\/polreg2025.kfiss.wgsr.uw.edu.pl\/index.php?rest_route=\/wp\/v2\/pages"}],"about":[{"href":"https:\/\/polreg2025.kfiss.wgsr.uw.edu.pl\/index.php?rest_route=\/wp\/v2\/types\/page"}],"author":[{"embeddable":true,"href":"https:\/\/polreg2025.kfiss.wgsr.uw.edu.pl\/index.php?rest_route=\/wp\/v2\/users\/4"}],"replies":[{"embeddable":true,"href":"https:\/\/polreg2025.kfiss.wgsr.uw.edu.pl\/index.php?rest_route=%2Fwp%2Fv2%2Fcomments&post=44"}],"version-history":[{"count":6,"href":"https:\/\/polreg2025.kfiss.wgsr.uw.edu.pl\/index.php?rest_route=\/wp\/v2\/pages\/44\/revisions"}],"predecessor-version":[{"id":245,"href":"https:\/\/polreg2025.kfiss.wgsr.uw.edu.pl\/index.php?rest_route=\/wp\/v2\/pages\/44\/revisions\/245"}],"wp:attachment":[{"href":"https:\/\/polreg2025.kfiss.wgsr.uw.edu.pl\/index.php?rest_route=%2Fwp%2Fv2%2Fmedia&parent=44"}],"curies":[{"name":"wp","href":"https:\/\/api.w.org\/{rel}","templated":true}]}}